. Let i be k(-9). Let a = i - -123. What is the tens digit of a?
5
Let z(y) = 8*y**2 + 5*y + 2. Let x be z(-3). Suppose 8*m = x + 29. What is the units digit of m?
1
Let j be 69/6 - (21/(-6) + 3). What is the units digit of 126/j*8/12?
7
Let d = 14 + -14. What is the units digit of 11 + -4 - d - -3?
0
Let r(v) = v**3 - 11*v**2 - 14*v + 6. Let q be r(14). What is the units digit of (-52)/(-39) + q/3?
4
Let y = 31 - 33. What is the units digit of (y - 27/(-3))/((-1)/(-17))?
9
Let x = -164 + 772. What is the tens digit of x?
0
Let b(u) = -4*u**3 - 2*u**2 - u - 4. Suppose 0 = -5*q + 5*a, -5*q - 5*a - 27 = -q. Let t be b(q). Let w = -61 + t. What is the tens digit of w?
2
Let u = 20 + -8. Let y = u + -9. Suppose -j - 40 = -y*j. What is the tens digit of j?
2
Let s(j) = -193*j - 343. What is the tens digit of s(-14)?
5
Let x be -3*(-4)/(-24)*-2. What is the units digit of (x*(2 + 3))/(1/8)?
0
Let r = 153 - 149. Let y(a) = 2*a**2 - a - 6. Let d be y(6). Suppose 0*c - r*c = -d. What is the units digit of c?
5
Suppose -2*z + 1128 = -4*a, -3*z + 14*a = 9*a - 1687. What is the units digit of z?
4
Let q = -1965 + 5297. What is the hundreds digit of q?
3
What is the hundreds digit of 10/4*(-185)/(-25)*76?
4
Suppose -6*z = -10*z + 12. Suppose z*j - 2 = 2*j. Let s(w) = 12*w**2 + 3*w. What is the tens digit of s(j)?
5
Let m(n) = 160*n - 3. Let a(s) = 2*s - 7. Let w be a(4). What is the tens digit of m(w)?
5
Let z(h) = 2*h**2 + 39. Let f be z(15). Suppose -6*i + f = -3*i. What is the units digit of i?
3
Let a(x) = -77*x - 155. What is the tens digit of a(-8)?
6
Let s(t) = -34*t + 3. Let i = -19 - -17. What is the units digit of s(i)?
1
Suppose 6*u + 32*u = 26942. What is the hundreds digit of u?
7
Suppose 2*b = -2*d - b - 32, 3*d + 2*b = -38. What is the units digit of (12/d)/(34/5 - 7)?
6
Suppose 2*p - 120 = 7*p. Let y = 11 + p. Let r = y - -42. What is the units digit of r?
9
Let v(t) = 69*t - 49. What is the tens digit of v(9)?
7
Suppose 4*n = k + 494, 0*n = 2*n + 3*k - 254. Let x = n - 53. What is the tens digit of x?
7
Let v be (-9)/12 + (-620)/(-16). Suppose c = 2*c - v. What is the units digit of c?
8
Suppose 0 = -2*d + v + 2081, -5*v - 7 = 18. What is the tens digit of d/12 - 2/(-4)?
8
Let i(v) = -v + 4. Let g be i(-4). Suppose -y + 5*o = g, 2 + 2 = y + o. Suppose 10 = j - f - 5, -y*f = 2. What is the units digit of j?
4
Suppose 4*o - 14425 = 3*q, 52*o - 5*q = 50*o + 7223. What is the thousands digit of o?
3
What is the tens digit of 55/(-22) + 3 + (-4882)/(-4)?
2
Let q(z) = 2*z**2 + 5*z - 1. Suppose -3*h - 4*c - 14 = 0, -3*h - c + 0 = -1. Suppose 3*x - 5*j + 7 = 0, 5*x - 6 + 24 = h*j. What is the tens digit of q(x)?
1
Suppose -2 = 2*t, -4*n + 3*t - 184 = -t. Let s = -161 - -77. Let u = n - s. What is the tens digit of u?
3
Let l(j) = -j**3 + 5*j**2 + 2*j + 4. Let x = 11 + 7. Suppose -2*h = -2*d - x, 0*d = d + 4. What is the units digit of l(h)?
4
Suppose 4*q + 0*z = -3*z + 828, -2*q + 4*z = -436. Let s = -150 + q. What is the units digit of s?
0
Let f(w) = -436*w**3 + 1. What is the units digit of f(-1)?
7
Let s(v) = -3*v + 6. Let c(r) = r**2 + 8*r + 9. Let q be c(-6). Let z be (q - (2 - -1))*1. What is the units digit of s(z)?
4
Let x(h) = -4 - 10 + 686*h - 688*h + 2*h**2. What is the tens digit of x(-9)?
6
Let q = 9 + -15. Let w be q/(-14) - (-284)/7. Suppose w = 2*k - 5. What is the tens digit of k?
2
Let c = 455 + -214. What is the units digit of c?
1
Suppose 19*t - 3273 = 6379. What is the units digit of t?
8
Suppose 0 = -2*t - 25*o + 24*o + 1180, 3*t - 1752 = 3*o. What is the units digit of t?
8
Let s(u) = 4*u - 5. Let o be s(2). Let m be (-1)/(o - 1)*0. Suppose -3*t + 18 + 57 = m. What is the tens digit of t?
2
Let u(b) be the third derivative of -b**4/8 + b**3/6 + 29*b**2. Let q(j) = -j - 6. Let n be q(0). What is the units digit of u(n)?
9
Let c be (2/(-6))/((-1)/6). Suppose c*q = 7 + 5. Suppose 0 = 3*l - q - 21. What is the units digit of l?
9
Let p be 2/(((-33)/18)/(-11)). Suppose -o - 4*d - 15 = -0*o, -4*d = p. Let t = 6 - o. What is the units digit of t?
9
What is the hundreds digit of (-3)/(90/(-12656)) + 14/105?
4
Suppose -15*o + 18807 = -22533. What is the thousands digit of o?
2
Let h(r) = 3*r**2 - 2*r + 1. Let x(z) = 2*z + 11. Let t be x(-8). What is the units digit of h(t)?
6
Let c(w) = -w**3 - 3*w**2 + 4*w. Let g be c(-4). Suppose -4*u - 2*l = l - 416, g = -4*u + l + 432. Let z = u - 69. What is the units digit of z?
8
Let l be ((-21)/(-14))/(9/(-12)). Let d be -1*(l - (125 + -4)). Suppose p = -2*p + d. What is the units digit of p?
1
Let f be 2/(-7) - (-2)/7. Suppose -4*b + 40 + 28 = f. Let p = b + -9. What is the units digit of p?
8
Let n(r) = -r**3 - 10*r**2 - 20*r - 26. What is the hundreds digit of n(-13)?
7
Let v be (6/10)/(3/15). Suppose -v*r + 4*a + 31 = 0, -13 = -r + a + 3*a. Suppose 0 = 2*p - r - 1. What is the units digit of p?
5
Suppose -c + 3 = -y - 0*c, 4*y - 33 = -5*c. Suppose 0 = -m - 4*m + 10. Suppose 0 = -2*x + 3*j + 30, -m*j = y*x - 5*x + 35. What is the units digit of x?
9
Suppose 4*i + 4*s - 7554 = 9*s, 2*i - 3774 = 4*s. What is the hundreds digit of i?
8
Suppose -26 + 6 = l. Let k be (72/30)/((-8)/l). What is the tens digit of (141/k)/((-1)/(-2))?
4
Let o(v) = 7*v**2 + 20*v - 8. Let m be -2 + 4/4*-1*4. What is the units digit of o(m)?
4
Suppose o - 6*o = -35. Suppose 2*f + 5*q = -0*q - 19, 4*f = -q + o. Suppose -2*j - 5*t = -89, 2*t - f = -13. What is the tens digit of j?
5
What is the units digit of 2/(-3)*24/(-8)*163?
6
Let t(v) = -v**3 + 14*v**2 - 4*v - 2. What is the tens digit of t(9)?
6
Suppose -300 + 90 = 15*b. Let g(k) = -7*k. Let w be g(-3). Let y = b + w. What is the units digit of y?
7
Suppose 0*t - 412 = -2*t - 4*k, t - k = 197. Let a = -116 + t. What is the units digit of a?
4
Suppose 8*a - 34*a + 30316 = 0. What is the units digit of a?
6
Let d(m) = -m**3 + 27*m**2 - 2*m + 61. Let t be d(27). Suppose t*i = 407 + 1217. What is the hundreds digit of i?
2
What is the thousands digit of 24/4 - 0 - 6292/(-4)?
1
Let j(p) = -2*p + 19*p - 4 + p**2 + 15 - 1. Let w be j(-14). What is the tens digit of w/(-6)*45/12?
2
Suppose 26*y - 15900 = -4*y. What is the tens digit of y?
3
Let m be 1/4 + 180/(-16). Let f be (-2)/m - (-678)/22. Suppose -6 = q - f. What is the units digit of q?
5
Suppose 0*k = -k + 2. Suppose -4*p = k*p - 6. Let i = p + 47. What is the units digit of i?
8
Let d be 2 - 2/1*-1. Suppose 1 = -d*n + 9. Suppose c + 0*c = -3*o + 82, -2*o - n*c = -48. What is the tens digit of o?
2
Suppose 4*d = 7*d - 9. Suppose 5 = -h, -d*u = 2*u - 2*h + 45. Let k = 41 - u. What is the units digit of k?
2
Let x(t) = t**3 + 5*t**2 - 2*t - 4. Let i be x(-5). Let a = -3 - i. What is the tens digit of (-328)/(-12) + (-6)/a?
2
Let o(t) = t**3 - t**2 - 2*t + 3. Let i be o(3). Let c be 2/5 + (-35)/25. Let s = c + i. What is the tens digit of s?
1
Suppose 2*t - 9 = 5*t, -4*x - 2*t + 9102 = 0. Suppose 0 = -13*j - 873 + x. What is the hundreds digit of j?
1
Suppose -2*d = -17 + 1. Suppose -d*n = -4*n - 336. What is the units digit of n?
4
Let a be (3 + -3)/(-4 + 5). Let p(g) = -3*g + 1720. Let c be p(a). What is the units digit of c/26 + 4/(-26)?
6
Let v(u) = -4*u**2 + 2*u - 6. Let x be v(-3). Let n be (x/(-10))/(3/10). Suppose 2*l + l = r - n, 3*r + 3*l = 0. What is the units digit of r?
4
Suppose -n - 5*p + 840 + 40 = 0, 5*n - 4440 = -5*p. What is the tens digit of n?
9
Let a = -15 - -15. Suppose 4*q - 25 - 31 = a. What is the units digit of q?
4
Let r(q) be the first derivative of 0*q**2 + q + 1/4*q**4 - 3 - 1/3*q**3. What is the units digit of r(1)?
1
Suppose r - 129 = 5*l, -l + 5*l = -r + 174. Suppose -2*p + 2*s - 122 = -6*p, -r = -5*p - 2*s. What is the units digit of p?
2
Let p = -1 + 0. Let w(g) be the first derivative of -12*g**4 - g**3/3 + g**2/2 + g - 105. What is the units digit of w(p)?
7
Suppose 5*u - 1476 = 4*f - 14675, -3302 = -f + 2*u. What is the tens digit of f?
9
Suppose 0*m + 122 = 2*m. Let v = m - 24. What is the tens digit of v?
3
Let t(o) = 11*o**2 - 2*o + 2. Let u(l) = l**3 - 3*l**2 + l - 1. Let f be u(3). What is the units digit of t(f)?
2
Suppose 0 = 2*r + 2 - 4. Suppose 2*h - 5*m - r = 0, 2*h + 23 = 6*h - 3*m. Let t = h + -7. What is the units digit of t?
1
Let k = 556 - 150. What is the u